 = 0. What is the tens digit of z?
8
Let j(i) = -22*i - 10. Let g be j(-1). Let z(k) = 2*k**2 - 13*k. What is the tens digit of z(g)?
3
Let f be ((-1)/2)/((-29)/58)*-1. Let l(u) = -139*u + 6. What is the units digit of l(f)?
5
Let g = 18181 - -2296. What is the ten thousands digit of g?
2
Suppose 14*h + 3*p + 820 = 15*h, -3*h + 3*p = -2472. Let n = h + -356. What is the hundreds digit of n?
4
Let d(x) = x**2 - 33*x + 132. Suppose 3*v + 5*h - 114 = 0, -v = 5*h - 52 + 4. What is the hundreds digit of d(v)?
1
Let m = 50117 - 26893. What is the thousands digit of m?
3
What is the units digit of (286/44)/(7/12418)?
1
Let d = -1380 + 1766. What is the hundreds digit of d?
3
Let g = 2679 + -2025. What is the tens digit of g?
5
Let f(s) be the first derivative of 14*s**2 - 3*s + 13. What is the hundreds digit of f(6)?
1
Suppose -52*u + 338413 = -1250235 - 841416. What is the tens digit of u?
3
What is the units digit of -19659*(612/(-216) + 5/2)?
3
Let i(a) = -30*a**2 - 8*a - 9. Let h(t) = t**2 + t + 2. Let f(y) = -3*h(y) - i(y). What is the units digit of f(-4)?
5
Suppose 0 = 4*n - k - 561, -10*k + 7*k = -9. Suppose -4*r + 9*r - n = -d, 4*r = 2*d - 212. What is the hundreds digit of d?
1
Let a(n) = n**2 - n. Let o(p) = -p**3 + 5*p**2 + 6*p - 8. Let r(y) = 3*a(y) + o(y). What is the tens digit of r(6)?
8
Let z(x) = -x**2 + 46*x + 118. Let a be ((-374)/77)/((-2)/14). What is the units digit of z(a)?
6
Suppose 3 = -d - 17. Let b(c) = -c**2 - 8*c + 40. Let o be b(-12). What is the tens digit of d*1/10*o?
1
What is the ten thousands digit of (-32)/48 + 183828/18?
1
Suppose -2*f = -x - 1532, f - 3*f = -5*x - 1540. Let s = f - 522. What is the hundreds digit of s?
2
Let y(d) = 4*d**2 - 20*d - 29. Let p be y(9). What is the tens digit of (-4)/(-10)*p/92*336?
6
Suppose 0 = -12*u + 17*u - 4*t - 32373, 0 = -4*u + t + 25905. What is the thousands digit of u?
6
Let w = -71 + -15. Let b = w + 89. Suppose -b*z + 364 = 2*m, -z - 728 = -4*m - 0*z. What is the tens digit of m?
8
Let f be 1/((-4)/(-160)*4) - 5. Suppose f*w - 839 = -4*r, -3*w = -r + 42 - 559. What is the hundreds digit of w?
1
Let n(q) = 35*q + 44. Let x be 9/(-1)*(1/(-1) - -2). Let a(i) = -3*i - 21. Let f be a(x). What is the tens digit of n(f)?
5
Suppose 14*n - 85648 = 317524. Suppose -33*h = h - n. What is the hundreds digit of h?
8
Let h = 42 - 46. Let t be -5 - (-4)/h*-11. What is the tens digit of (-2 - (-1050)/9)/(t/9)?
7
Let w(t) = t**2 - 5*t + 2. Let y be w(6). Let p(x) = -2*x**3 - 8*x + 7. Let a be p(1). What is the units digit of (-538)/(-6) - (-2 - y/a)?
9
Let g = 70 - 35. What is the units digit of (-4)/(-10) + (-2 - (-23506)/g)?
0
Suppose -1765 + 7696 = -3*s. Let v = s - -2849. What is the units digit of v?
2
Suppose -3*g - 3*g - 84 = 0. Let r = -11 - g. Suppose 2*c + 32 = 6*c + 2*q, 42 = 3*c - r*q. What is the units digit of c?
0
Let k be (-10)/30*(-3)/(-2)*0. Suppose -w = -2*q + 411, -3*q + 4*w + 908 - 279 = k. What is the tens digit of q?
0
Suppose 5*o + 13*q = 11*q - 202, -4 = -q. Let i = -113 - -234. Let f = i + o. What is the tens digit of f?
7
Suppose 2*g = 8*g - 12. Let r be g/(-4) + 18/(-4) + -3. What is the tens digit of (-7 + 3)*62/r?
3
Let c = 58 - 56. Suppose 0 = c*v - 0 + 10. What is the units digit of 1 + 2 - (-16 + -5 + v)?
9
Suppose -11*y + 363 = 165. Let r(u) = 6*u + 44 + 2 - 13. What is the units digit of r(y)?
1
Let t(g) = -23*g + 14. Let o(b) = 122*b - 68. Let a(y) = 3*o(y) + 16*t(y). Let q(j) = -26*j**3 + j. Let n be q(1). What is the tens digit of a(n)?
7
Let w(c) = c**3 - 20*c**2 - 5*c + 15. Let x be w(21). Let b = 522 - x. Suppose 6*k - b - 261 = 0. What is the tens digit of k?
7
Let s(n) = -n**3 + n**2 + 6*n - 9. Let m be s(2). What is the tens digit of (6 + m + -1)*(-167)/(-2)?
3
Suppose 0 = -19*w + w - 144. What is the hundreds digit of 13/(13/(-522))*12/w?
7
Suppose 255*t - 29515 = 250*t. What is the tens digit of t?
0
Suppose -13660 = 9*l - 255103. What is the units digit of l?
7
Let u = -391 - -437. Let n(q) = 11*q - 329. What is the hundreds digit of n(u)?
1
Suppose 17*l = -3455 + 15287. Let q = l - 479. What is the tens digit of q?
1
Let z(d) = -64*d**3 + 3*d**2 - 7*d - 2. Let t be z(2). Let x = t - -77. Let j = -195 - x. What is the tens digit of j?
4
Let x = 9 - -14. Suppose 33*k - 810 = x*k. What is the tens digit of k?
8
Let q(l) = -447 + 7*l + l**2 - 429 + 859. What is the units digit of q(21)?
1
What is the thousands digit of 3669/4*(-2788)/(-123)?
0
Let u = 769 - 520. Suppose 137*m - 6720 = 185*m. Let r = m + u. What is the hundreds digit of r?
1
Let j be 512 + (0 - -3 - (-7)/(-7)). Suppose 3*n + 5*p - 151 = j, -n = -3*p - 217. What is the hundreds digit of n?
2
Let b(j) = -2*j**2 + 33*j - 58. Let x be b(2). Let l = 0 + 5. Suppose 2*c - l*c = x, 2*d - 5*c = 220. What is the hundreds digit of d?
1
Suppose -9 = k - 11, 5*k = -2*y + 46748. What is the hundreds digit of y?
3
Suppose 3*z - i - 1820 = 0, 3*z + 34*i = 30*i + 1855. What is the units digit of z?
9
Let w be -3 + (2 - (5 - 0)). What is the units digit of (0 - 182/21)/(4/w)?
3
What is the tens digit of (-5 - 144/(-27))/(3/87651)?
3
Suppose y = 5*q - 8, 2*q - 14*y = -9*y - 6. Suppose 22 = 3*a + d - 523, -372 = -q*a - 5*d. What is the tens digit of a?
8
Let l(r) = -34*r + 21. Let c(o) = 52*o - 32. Let d(s) = s**2 - 35*s + 71. Let a be d(33). Let w(p) = a*c(p) + 8*l(p). What is the hundreds digit of w(-8)?
1
Suppose 0 = 182*r - 2555576 - 1213098. What is the thousands digit of r?
0
Let u(f) = -93*f + 49. Let c be u(-7). Suppose 1404 = 4*q - c. What is the units digit of q?
6
Let t = -212 + 434. Suppose 51*b + t = 53*b. What is the hundreds digit of b?
1
Suppose 9*i = -5*i + 48325 + 68813. What is the units digit of i?
7
Let m = 100 + -183. Let u = 90 + m. Suppose u*w = -4*w + 495. What is the tens digit of w?
4
What is the hundreds digit of (7/14)/((-4)/169080*-3)?
0
Let c = 80799 + -27814. What is the hundreds digit of c?
9
Suppose 4*w = -2*v + 1554, -6*w + 10*w - 3*v - 1559 = 0. Let y = w + -153. What is the hundreds digit of y?
2
Suppose p + 26311 = 4*r, 14*r - 9*r + p - 32882 = 0. What is the tens digit of r?
7
Suppose -23*d = -5*d - 67283 - 134173. What is the thousands digit of d?
1
What is the tens digit of (-3)/24*-197998 + (-145)/(-116)?
5
Suppose 0 = 31*w - 18*w - 314548. What is the hundreds digit of w?
1
Let i(r) = -r**3 + 23*r**2 - 42*r - 2. Let a be i(21). Let c(h) be the second derivative of 5*h**4/4 - h**3/6 - 3*h**2/2 - h. What is the units digit of c(a)?
9
Let m be 6*4/24 + 47*-12. Let z = -450 - m. What is the hundreds digit of z?
1
Let f(i) = 1191*i + 229. What is the hundreds digit of f(3)?
8
Suppose 5*p + 3*j - 1279 = 5*j, -4*p = j - 1031. Suppose 3*x = -2*i + p, 99 = x + 13*i - 9*i. What is the units digit of x?
3
Suppose 7*k = 23 - 2. Suppose 36 = -4*q + k*d, -3*q + 5*d - 29 - 9 = 0. Let z(n) = -10*n - 24. What is the units digit of z(q)?
6
Let q(n) = -n**2 - 34*n - 27. Let s be q(-33). Let a(o) = 2*o**2 - o + 16. What is the tens digit of a(s)?
8
Suppose 2*i - 4*q - 54486 = 0, -10*i + 108992 = -6*i - 4*q. What is the tens digit of i?
5
Suppose -5*w + 4*p + 134 = 2*p, 9 = 3*p. Let j = -55 + 50. Let x = w + j. What is the tens digit of x?
2
Let p = 5206 - 5129. Let h be (158/(-6))/(2/(-6)). Suppose 60 = -p*t + h*t. What is the tens digit of t?
3
Let z = -17 + 17. Suppose z = -2*s - 0 + 10. Suppose -46 = s*h - 181. What is the tens digit of h?
2
Let u(x) = 4*x**2 - x - 2. Let p be u(2). Let t be 54/3*(-6)/p. Let i(b) = -10*b - 9. What is the units digit of i(t)?
1
Let g(m) = 5*m**2 + 160*m - 692. What is the units digit of g(-73)?
3
Let a(c) = 8*c - 13. Let y be a(8). Let w = -48 + y. Suppose -4*l + 443 = w*u, 0 = u - 2*l - l - 152. What is the hundreds digit of u?
1
Suppose -6*t + 5*t = 5*u - 22, -4*u - 2*t = -20. Suppose -22 + 75 = -u*n + 5*f, 47 = -4*n - f. What is the hundreds digit of 252/(n/30 + (-38)/(-20))?
1
What is the thousands digit of 72/(-192)*(-2)/(-6) - (-202755)/24?
8
Suppose 6089083 - 962463 = 290*v. What is the thousands digit of v?
7
Let a = -4970 - -8846. What is the units digit of a?
6
Let a(h) = 5*h + 30. Let p(l) = -5*l - 30. Let r(d) = -2*a(d) - 3*p(d). Let c be r(-5). What is the units digit of 3/(c/260*3)?
2
Let v = 69472 - 328. What is the tens